0*s**2 + 16*s - 65. Is f(q) a prime number?
False
Let m = -175124 + 266827. Is m composite?
False
Let h(m) = 1098*m - 1. Let x be (-14)/2 + (-384)/(-32). Is h(x) composite?
True
Let f(x) be the second derivative of -8*x**3/3 - x**2 - 14*x. Let y(a) = -15*a - 2. Let j(p) = -6*f(p) + 7*y(p). Is j(-9) a prime number?
True
Is ((-84)/(-9))/1*(-2469)/(-4) prime?
False
Let t(o) = -o**3 - 4*o**2 + 5*o + 23. Let a be t(-4). Suppose 39 = -a*v + 54. Suppose -19079 = -2*b - v*c, -3*c - 19034 = -2*b + c. Is b a prime number?
False
Let f(r) = -52*r**3 - 2*r**2 - 2*r - 5. Let g(s) = -15*s**2 - 1 + 2 - 3 - s**3 + 17*s - s**2. Let v be g(-17). Is f(v) a prime number?
False
Suppose 15*c = -21*c + 720. Suppose -14*r - 21882 = -c*r. Is r composite?
True
Suppose 18*p = 19*p - 4. Suppose 3*f = -p*w + 76, 2*f - 5*w - 19 - 1 = 0. Suppose -f*j + 17*j = -597. Is j a composite number?
False
Suppose 0 = 34*h - 32*h - 4. Let z be (1/h)/(3/18). Suppose z*y + 4*w - 893 = 0, -2*y + 2*w = -57 - 515. Is y composite?
True
Let h be 4/6*(1 + 452/(-8)). Is 5/15*0 - h a prime number?
True
Let c(g) = -299*g - 8. Let u be c(12). Let n = 4735 - u. Is n composite?
True
Let q = -47775 - -150848. Is q prime?
False
Suppose -3*d + 5*b = -144, -4*b = 3*d - 248 + 77. Let z be 4/((-4)/(-4)) + -7. Is z - ((2 - d) + 2) a prime number?
False
Suppose -42*w - 2617851 = -8968847 - 5211814. Is w a prime number?
False
Let u be (-85)/2*168/(-15). Suppose 1543 = -5*j + 448. Let n = u + j. Is n a composite number?
False
Suppose 0 = -3*a - s + 52763, -38594 = -2*a - 4*s - 3422. Let c = a - 4747. Is c composite?
False
Let j = -230 - -234. Suppose -5*w = 4*f - 10853, -j*f + 5*f - w - 2702 = 0. Is f a composite number?
False
Let b(c) = 29*c - 154. Let f be b(5). Is (-315 - -8)/(3/f) a composite number?
True
Suppose p + 5 = -2*p + 2*d, -4*p = -5*d + 16. Let h be 24/(-4)*p*(-2)/6. Is (h + -1)/(2/506) a composite number?
True
Suppose -3*d - 4*s = -3265, 0 = -5*d + s - 949 + 6383. Is d composite?
False
Suppose -5*w + 213206 = q, -2*w - 3*q + 17510 = -67775. Is w a prime number?
True
Suppose -3*x - 18 = -12. Let c(s) = -2*s**3 - 3*s**2 - 5*s - 2. Let w be c(x). Suppose -w*z + 8*z = -444. Is z composite?
True
Suppose 5*y - 2779 = 2*v, -11*y = -14*y - 4*v + 1683. Is y composite?
False
Is 514658/12 + 686/(-588) a prime number?
False
Let t(c) = -2*c - 44*c - 8*c - 33. Suppose 9*k + q = 6*k - 16, 4*k - 4*q = -32. Is t(k) a composite number?
True
Let u(t) = -t**3 + 29*t**2 - 24*t + 15. Suppose -q = -3*k - 2*q + 89, 5*k = 2*q + 130. Is u(k) composite?
False
Let n(u) = -3759 - u**3 - 13*u**2 + 3788 + 4*u**2 + u. Is n(-18) a composite number?
False
Suppose 4*b - 166873 = 3*f, 17*f = 5*b + 19*f - 208597. Is b composite?
False
Suppose 3*s - 4*w - 249642 = 0, 3*w - 104365 + 21177 = -s. Is s a prime number?
False
Suppose -q = -3*w + 4982, 202*w - 203*w + 24980 = -5*q. Suppose -5*a + 50807 = -3*x, 2*a - x - 50809 = -3*a. Let k = a + q. Is k a prime number?
False
Let p(n) be the second derivative of 53*n**4/6 - 3*n**2/2 - 45*n - 1. Is p(5) a prime number?
True
Let d(l) = -l**2 - 6*l - 3. Let t be d(-4). Suppose 0 = -4*n + t*n - 13. Suppose n*a - 12*a - 519 = 0. Is a composite?
True
Let f = -47 - -47. Suppose f*m = -7*m. Suppose -3*i + 2022 = -m*i. Is i a composite number?
True
Suppose -2*k - 5*c + 0*c + 10 = 0, 3*c = 0. Suppose 0 = t + 2*s - 3647, 4*s + 14576 = k*t - t. Let h = 8632 - t. Is h composite?
False
Let v be (-1 + -41)/(63/42). Is (95752/6)/(v/(-21)) prime?
True
Let a = 117955 + 103816. Is a composite?
True
Let a = -33 + 33. Suppose i + a - 2 = 0. Is 125 - (8/4 + i) composite?
True
Let g = -21 + 41. Let x = 26 - g. Suppose -2*n + 4*i = x*i - 328, 0 = -5*n - 4*i + 815. Is n prime?
False
Let b(z) = -114*z + 5. Let h = 13 - 11. Suppose -9 = q + h*q. Is b(q) a composite number?
False
Let b(m) = 72*m**2 - 7*m - 85. Is b(-24) prime?
False
Suppose 76067 = 7*p - 128655. Let t = -20155 + p. Is t a composite number?
False
Let l be -3 + (-136 - (0 - 4)). Let b = 139 + l. Suppose 2*z - b*d = -3*z + 639, 5*d - 122 = -z. Is z a prime number?
True
Suppose -5*w - w - 2*w = 0. Suppose 5*m - 6*m + 371 = w. Is m a prime number?
False
Suppose -191*o + 164755903 = -22*o. Is o a composite number?
False
Suppose 2*t - 6646 = 7600. Suppose -t = -27*c + 10*c. Is c a prime number?
True
Let f(r) = 969*r - 15. Let d be f(4). Let b = 273 - d. Let t = -1997 - b. Is t a prime number?
False
Let f(t) = 37*t**2 - 161. Is f(-30) a prime number?
False
Let i = 274419 + -161281. Is i a prime number?
False
Suppose -32*t + 19*t - 537803 = -20*t. Is t a composite number?
False
Suppose 465677 = 4*h - 5*n, 3*h + 3*n - 349275 = n. Is h composite?
False
Is 20 - -1522462 - (1 + 4) composite?
True
Let q be 3*1 + -10 + 64. Let v = 70 - q. Let w(y) = 2*y**2 - 16*y + 31. Is w(v) prime?
False
Let m(a) = -2*a**2 - 1 - 3 + 20*a**3 + 55*a**3. Suppose -45 = 4*q - 57. Is m(q) a composite number?
False
Let s(b) = -b**2 - 6*b + 2. Let z be s(-6). Suppose z*n = 8*n - 306. Is ((-34)/n)/((-4)/5478) prime?
False
Suppose -1246832 = -4*o - 3*x, -7*o = -x - 850990 - 1330991. Is o a prime number?
True
Suppose 6*h - 334980 = -t, -5*h = -0*h - 5*t - 279115. Is h composite?
False
Suppose -11*s - 54 = -13*s. Suppose -13*m + 38 + s = 0. Suppose m*l = 2305 + 930. Is l a composite number?
False
Suppose 15*r - 52 = 2*r. Is 8/r - 2416*-2 a prime number?
False
Suppose k + 290201 = 4*x, -546*k = -548*k + 6. Is x a composite number?
False
Suppose -7*j + 13*j = 78. Suppose -j*l + 13813 = 2204. Is l prime?
False
Suppose -d + 335 + 2628 = 3*f, -2*f + 2*d + 1986 = 0. Suppose -2*b + f = 247. Is b composite?
True
Suppose 1723 = -2*p - 2819. Is ((-18)/(-9))/((-6)/p) a composite number?
False
Suppose 68*s = 58*s - 20. Is (8751 - s)*1*1 a composite number?
False
Suppose -h = 5*d - 326251, -31*d = -33*d + 2*h + 130510. Is d prime?
False
Suppose 19*n - 15*n + 31208 = 4*v, 5*v - 4*n - 39015 = 0. Is v a prime number?
False
Suppose -22 = 17*u - 260. Suppose 11*x - 107650 = -u*x. Is x a prime number?
False
Let s(k) = -8*k**3 + 22*k**2 + 17*k - 140. Is s(-17) prime?
True
Let b(y) = -y**2 + 1. Let l(t) = -5*t**2 - 3*t - 23. Let s(m) = 2*b(m) - l(m). Let o be (((-500)/(-35))/5)/(20/(-70)). Is s(o) prime?
False
Let d(z) = -5030*z + 145. Suppose -2*k + 8 = -2*v, 3*v + 0*k + 18 = -3*k. Is d(v) a prime number?
False
Suppose 0 = 5*m + 661 + 6404. Let s(n) = n + 2353. Let b be s(-29). Let a = b + m. Is a a prime number?
True
Let c = 4 + 32. Suppose 0 = 3*p - 5*z - 693, -p = -3*p - 4*z + 462. Suppose -p - c = -u. Is u a composite number?
True
Suppose 7*r + 4 = 46. Suppose 32741 = r*w - 27415. Is (w/(-6))/(-6 + 3) a prime number?
True
Let a be -3*1/1*-1 + 0. Suppose a*r = 4*k + 80 + 70, 160 = -4*k - 2*r. Let o = k + 76. Is o composite?
False
Let l = 1303260 - 711819. Is l prime?
False
Let j(q) be the second derivative of 29*q**4/3 + q**3/3 - 47*q**2/2 + 153*q + 1. Is j(-7) prime?
True
Let x(i) = i**3 - 14*i**2 - 15*i + 5. Let w be x(15). Suppose -w*k + 87722 = 3*s, -2*s + 39606 = -2*k - 18870. Is s a composite number?
True
Suppose 11*h - 5*h - 14442 = 0. Let v = 172 + h. Is v prime?
True
Let a be 8/(-60) - (-43)/(-15) - 2044. Let j be ((-3)/6)/((-4)/(-16)). Is (-4)/j + -2 - a composite?
True
Let s(j) = 13217*j**3 - 2*j**2 - 3*j + 5. Is s(2) a composite number?
False
Suppose -13*p + 15372 = p. Suppose p = 4*v - 1490. Is v prime?
True
Let a = -1110762 - -1578423. Is a a composite number?
True
Let f = -886 - -898. Is (-72)/(-54)*43551/f composite?
True
Let u(m) = m**3 - 4*m**2 - 2*m - 32. Let x be u(6). Suppose 2*h - 19 = 23. Suppose 0 = x*v - h*v - 847. Is v composite?
True
Let x = -22379 + 71290. Is x a composite number?
True
Suppose -5 = s - 14. Let k(x) = 19 - 2 - s - 3 - 210*x. Is k(-5) composite?
True
Suppose 5*w + 690 = -320. Let p = 23 + -21. Is p/(-7 + 5) - (-1 + w) a composite number?
True
Let b be (-10)/30 + (-5101)/(-3). Let q = 293 + b. Is q a composite number?
False
Let o(k) = -2*k**2 + 21*k + 11. Let d be o(11). Suppose 4*a - 3*r - 3881 = d, 2*a - 1946 = 4*r - 8*r. Is a a composite number?
False
Is (-1)/(15/(-6)) + (-6 - (-1925993)/5) composite?
False
Suppose -6*n + 16 = -674. Suppose n*t - 125*t + 8690 = 0. Is t composite?
True
Suppose 0 = -5*m + 115268 - 44308. Let l = m + -4119. Is l a composite numb